 1. Let g be z(-2). What is the remainder when (-2)/g + (-1092)/(-20) is divided by 19?
17
Let c be 2/(-4)*-4 + 2. Suppose -m = 3*t - 44, -5*t - c*m + 85 = -0*m. Calculate the remainder when 374/10 - (-10)/(-25) is divided by t.
11
Suppose 0*o - 6 = 2*o, 0 = -4*u + 2*o + 34. Calculate the remainder when 17 is divided by u.
3
Suppose 0 = -3*c - 0*c + 66. Suppose 0 = -4*m + 55 + 45. Let f = m - 19. Calculate the remainder when c is divided by f.
4
Let i = 4 + 0. Let q be (i/6 + 0)*3. Calculate the remainder when (-1)/(-2) - (-45)/q is divided by 12.
11
Suppose -2*g - 5*o - 40 = -7*g, -4*g - 2*o = -38. Let q = 6 + -5. What is the remainder when q/((-3)/(0 - 78)) is divided by g?
8
Suppose z - 4 = 2*z + 4*a, -31 = -2*z + 5*a. Let m(d) = d**2 + d + 1. Let p be (-9)/1*2/3. What is the remainder when m(p) is divided by z?
7
Suppose j - 3 = -0. What is the remainder when ((-68)/16 - -4) + (-87)/(-12) is divided by j?
1
Let l be 48 + 1/((-3)/6). Suppose 0 = n - 2, -4*d + 5*n + l + 28 = 0. Calculate the remainder when d is divided by 6.
3
Suppose -146 = -4*z - m, m + 43 = 3*z - 70. Calculate the remainder when z is divided by 13.
11
Suppose -18*o + 14*o = -156. Calculate the remainder when 113 is divided by o.
35
Let c(b) = b**2 + 14*b + 11. Let p be c(-13). What is the remainder when 43 is divided by (50 - 5)*p/(-6)?
13
Let l = -16 - -1. Let w = 25 + l. Suppose 3*m - 25 = 2*m + 2*h, 5*h + 130 = 5*m. What is the remainder when m is divided by w?
7
Let i(b) = 6*b - 1. Suppose -7*m = 10 - 80. What is the remainder when i(m) is divided by 15?
14
Let s(o) = -2*o + 3. Let q be s(-5). What is the remainder when 2/(-52)*-4 + 969/39 is divided by 1/(1*1/q)?
12
Let l(w) = -3*w**2 + 5*w + w**3 + 2 - 2*w**2 - 2*w**2. Calculate the remainder when l(7) is divided by 19.
18
Let d = -3 + 14. Let r = d - 2. Suppose -17 - 51 = -4*g. What is the remainder when g is divided by r?
8
Suppose -2 = -l - l. Let i be (l/3)/((-1)/(-57)). Let j = i + 34. What is the remainder when j is divided by 18?
17
Calculate the remainder when 180 is divided by (-360)/(-26) - 4/(-26).
12
Suppose 0 = d - 24 - 41. Calculate the remainder when d is divided by 4/((10/11)/5).
21
Suppose -16*n = -19*n + 51. Calculate the remainder when 38 is divided by n.
4
Let r = -43 + 47. Calculate the remainder when 19 is divided by r.
3
Let t be -2 - (-17 - 0)*-1. Let z = 42 + t. Calculate the remainder when z is divided by 12.
11
Suppose -5*n = -5*g - 52 - 43, -3*n - 3*g + 75 = 0. What is the remainder when n is divided by 5?
2
Let t(g) = -g**2 - 5*g + 1. Let i be t(-9). Let s = i - -49. What is the remainder when 54 is divided by s?
12
What is the remainder when 65 is divided by ((-132)/(-30))/((-4)/(-10))?
10
Let t = 16 - 8. Let w = t - -8. Calculate the remainder when w is divided by 9.
7
Suppose -2*c = -n - n - 130, 5*c - 335 = -5*n. Let f = -13 + c. What is the remainder when f is divided by 14?
11
Let t = -38 + 47. What is the remainder when t is divided by 5?
4
Calculate the remainder when 158 is divided by -20*((-2 - 4) + 4).
38
Let d = 175 - 30. What is the remainder when d is divided by 38?
31
Suppose 0 = 2*v + v. Suppose v = 7*k - 3*k - 52. What is the remainder when 25 is divided by k?
12
Suppose c - 3*u - 16 = -2*u, -3*c - 3*u + 42 = 0. What is the remainder when 10/10*(1 + 42) is divided by c?
13
Suppose -2*i = y - 299, -2*i - 1163 = -4*y + i. Suppose -69 + y = 7*d. Calculate the remainder when d is divided by 9.
5
Let d = 8 - 5. Suppose 0 = -r + 18 - d. Calculate the remainder when r is divided by 9.
6
Suppose p - 26 = h - 11, 5*p - 66 = -4*h. What is the remainder when p is divided by 5?
4
Let j(o) = -o + 23. Suppose -i + 5 = 0, -h - 2*i = -i. Calculate the remainder when j(0) is divided by (56/35)/((-1)/h).
7
Let z = 1 - 7. What is the remainder when (-124)/z - 14/21 is divided by 11?
9
Let y be (-34)/8*(-20)/(-5). Let x = y - -27. What is the remainder when x is divided by 4?
2
Let u(a) = a**3 + 12*a**2 + 14*a - 6. Calculate the remainder when u(-10) is divided by 14.
12
Suppose 5*f - 119 = -4*g, f - 126 = -4*g + 3*f. What is the remainder when g is divided by 17?
14
Let a be (-186)/15 - (-2)/5. Let s = a + 27. Calculate the remainder when s is divided by (-2)/(-9) + (-520)/(-90).
3
Suppose -2*l + 46 + 2 = 0. Suppose -2*o + l = -o - 3*p, 20 = 3*o + 4*p. Let g(f) = f**3 + 7*f**2 - 6*f + 5. What is the remainder when g(-7) is divided by o?
11
Let n = -13 + 17. Let b = n + 6. Calculate the remainder when (2/3)/(12/522) is divided by b.
9
Let i(j) = -2*j - 3. Let t be -1*(0 + -1)*-4. Suppose 0*g = -2*f + 5*g + 36, -5*f + 2*g + 69 = 0. What is the remainder when f is divided by i(t)?
3
Let d(g) = g + 10. Let i be d(-10). Suppose 3*s - 2*s - 2 = i. What is the remainder when 2 is divided by s?
0
Suppose 5*d = -5*q, -5*d = 2*q - 7 + 19. Calculate the remainder when 11 is divided by q.
3
Let n = -1 - 2. Let j = -1 - n. Suppose -5 = -5*d + 10. Calculate the remainder when d is divided by j.
1
Let v(g) = -g**3 + 8*g**2 - 5*g - 3. Let h(d) = d**3 + 5*d**2 - 3*d + 2. Calculate the remainder when h(-4) is divided by v(7).
8
Suppose -t + 141 = 2*t + 5*l, 47 = t - l. Calculate the remainder when t is divided by 24.
23
Let z(a) be the third derivative of -a**4/8 - a**3/2 + 3*a**2. Calculate the remainder when 44 is divided by z(-6).
14
Let d = -22 + 35. Let a(q) = 1. Let t(w) = -7*w + 2. Let v(p) = -6*a(p) + t(p). Calculate the remainder when v(-4) is divided by d.
11
Suppose -113 - 125 = -2*i. Calculate the remainder when i is divided by 10.
9
Suppose 0 = -3*g + 5*y + 70, -g - 4*y - 5 = -0*g. Suppose -124 - 2 = -3*s. What is the remainder when s is divided by g?
12
What is the remainder when 52 is divided by 54/5*(-5)/(-2)?
25
Let o(x) = -3*x + 1. Suppose -5*d + 12 = 2. Suppose d - 27 = 5*s. Calculate the remainder when 62 is divided by o(s).
14
Let w = -18 + 38. Suppose c + 2*c - 174 = 0. Calculate the remainder when c is divided by w.
18
Suppose 5*w - 22 = -7. Suppose -5*n - 10 = 0, -n = w*t - 3 - 43. Calculate the remainder when t is divided by 9.
7
Suppose -2*w + 5*o + 40 = 0, 4*w + 4*o - 76 = 60. What is the remainder when w is divided by 1 + (9 - 3) + 1?
6
Suppose 5*h = -0*h + 10. Suppose -4*r - 4 = 0, 2*l = -2*l + h*r + 174. What is the remainder when l is divided by 11?
10
Suppose t + 108 = 4*t. Suppose -v + r + 17 = 0, -2*v - 5 = -r - t. What is the remainder when 27 is divided by v?
13
Let j = -4 - -10. Suppose -4*y - j = -n - n, -4*y - 9 = -5*n. Let v(w) = w**2 + 4*w - 11. What is the remainder when n is divided by v(-6)?
0
Suppose -k + 1 = 0, 2*k - 6*k = -3*d + 440. Let v be 10*(2 - (-124)/(-10)). Let y = v + d. Calculate the remainder when y is divided by 15.
14
Suppose -3*g + 2*s + 118 = 0, s + 184 = 4*g + 5*s. Calculate the remainder when g is divided by 11.
9
Suppose -19 = -4*z + 1, -4*v + 120 = 4*z. Let h = 28 - v. What is the remainder when h is divided by -1 - (-1)/(2/6)?
1
Suppose 2*y - 18 = 2*p + 44, 70 = 2*y - 4*p. What is the remainder when y is divided by (-4)/3*(-45)/6?
7
Suppose -45 = -4*s - 4*q - 9, -3*s + 4*q = -55. Let x = 82 - 44. Calculate the remainder when x is divided by s.
12
Suppose -5*d + 2*d + 39 = 0. Let l(z) = 10 + 3*z**2 - 2*z**2 - 3 + 5*z. What is the remainder when d is divided by l(-5)?
6
Suppose -m - 49 = -2*m. Suppose -4*t - 9 = -2*a + 5, 2*t = 2*a - 20. What is the remainder when m is divided by a?
10
Let k(v) = v**2 - 5*v - 5. What is the remainder when 5 is divided by k(6)?
0
Suppose 0 = d - 1. Calculate the remainder when 3 is divided by d.
0
Let i be (-84)/15 + 2/(-5). Let c(f) be the second derivative of f**4/12 + 2*f**3/3 - 3*f**2 - 2*f. Calculate the remainder when 11 is divided by c(i).
5
Let v = -54 - -70. What is the remainder when 77 is divided by v?
13
Suppose -5*z + 236 = -2*i + 49, -4*z + i = -149. Let m be (2/(-5))/((-4)/(-20)). Let d = m + 15. Calculate the remainder when z is divided by d.
11
Suppose -64 = -4*i + q, -5*q = -5*i - q + 69. Let c = -35 + i. What is the remainder when (-60)/c*(-6)/(-5) is divided by 2?
0
Let t(q) = -q**3 - 3*q**2 + 4*q + 6. Let s be t(-4). Let j = s - 4. Suppose -j*r + r + 18 = 0. Calculate the remainder when 53 is divided by r.
17
Let h(w) = w**2 - w - 6. Let a(m) = m**3 + 5*m**2 + 4*m + 6. Let f be a(-4). 